3).
4
Let w(u) = u**3 - 10*u**2 - 11*u + 13. Let s be ((-44)/55)/(6/(-15)). Suppose -s*b = -11*b + 99. Calculate w(b).
13
Let r be 2/2 - (0 - 0). Let f be ((-5)/((-10)/(-8)))/(20/(-20)). Let k(a) = 12*a**2 - 7*a - f*a**2 + 1 - 3*a + 8*a. Give k(r).
7
Let g be 4/(-18)*6*3. Suppose -14 = -m + 3*t, 0 = -2*t - 8 + 2. Let p(w) = -6 - m*w**2 + 8*w + 3*w**2 - 15*w. Calculate p(g).
-10
Let z(b) = -10*b**2 - b + 1. Let f(l) = -100*l**2 - 9*l + 11. Let u(m) = -2*f(m) + 21*z(m). Give u(-1).
-8
Let f = 2842/9 - 5639/18. Let p(w) be the second derivative of 0 + 1/12*w**4 + 7/6*w**3 + f*w**2 + 7*w. Calculate p(-5).
-5
Let r = 593 - 594. Let f(b) = -b - 1. Let q(i) = -3*i**3 - i - 2. Let c(x) = -3*f(x) + q(x). What is c(r)?
2
Let c(g) = g**2 + 2*g - 4. Let p be c(-4). Suppose -13*f - p = -17. Let a(s) = -f - 19*s - 9*s + 5*s. Give a(-1).
22
Suppose 0 = 62*n - 55*n - 462. Suppose -7*v - 4*v - n = 0. Let l(h) = h**3 + 5*h**2 - 7*h + 2. Calculate l(v).
8
Let f(b) be the third derivative of b**6/120 - b**5/60 - b**4/24 + 13*b**3/6 - 313*b**2 - 2. Suppose 0 = -4*r + 3*r. Give f(r).
13
Let p(z) = -123*z + 53. Let r(h) = -77*h + 35. Let m(j) = 5*p(j) - 8*r(j). Calculate m(12).
-3
Let t(d) = -d**3 + 3*d**2 - d. Let u be (6 - 5)*(1 - 8). Let k(v) = -2*v - 10. Let p be k(u). Suppose -5*m + 6*i = i - 35, -p = -4*m - 2*i. Calculate t(m).
-3
Suppose 4*k - 2*k + 8 = 3*f, -24 = -5*f - 2*k. Let a(d) = 3*d + 11 + 2*d - 11*d + f*d. Let y(v) = -3*v - 6. Let w be y(-5). Calculate a(w).
-7
Suppose -3*k = 5*d - 4, -4*k + 2*d + 16 = -2*d. Let r = 13 + 84. Let v(y) = 44*y - y**k - r*y + 50*y - 4*y**2. What is v(-2)?
-2
Let m be (-10 + 32 + -16)*1. Let r(o) = 3*o - 26. Give r(m).
-8
Suppose -30 = -46*n + 200. Let c(y) = -y**3 + 8*y**2 - 4*y. What is c(n)?
55
Let j(i) be the second derivative of i**5/20 - i**4/4 - 7*i**3/6 - 15*i**2/2 - 1433*i. Give j(5).
0
Let p(i) be the second derivative of i**5/20 - 7*i**3/6 - 19*i**2/2 - 2*i + 1694. Determine p(0).
-19
Suppose -2*g - 3*f - 34 = 0, -18*g = -16*g - 5*f + 50. Let o(h) = h**3 + 19*h**2 - 23*h - 59. Give o(g).
1
Let o(p) = 3*p**2 + 12*p**3 + 10*p - 5 + 5*p**2 - 13*p**3. Let b be 3*5*36/60. What is o(b)?
4
Let s(t) = -t - 5*t - 1 + 229*t**2 - 222*t**2 - 4*t - t**3. Let b be s(5). Let k(p) be the third derivative of -p**4/24 - 14*p**2. Calculate k(b).
1
Let k(s) = 2*s**3 + 4*s - 3. Suppose -4*y + 26 = w, 60 = 4*w + 2*y + 40. Calculate k(w).
21
Let d(a) be the third derivative of -a**6/120 - 7*a**5/60 - a**4/4 + 4*a**3/3 - 8*a**2. Let f be (1 + 0/(-2))*-6. Calculate d(f).
8
Let x(h) = -h - 1. Suppose -c + 7*c = -3*c. Suppose -4*u + s - 22 = -3*u, 3*s + 9 = c. Let p = u - -24. Calculate x(p).
0
Suppose 0*q - 18 = -q + 5*w, 0 = -2*w - 4. Suppose 16*y - 14*y = q. Let i(m) = m**3 - y*m**2 + 4 - 4 + 0 + 2*m. Give i(3).
-3
Let i be (-1 + 4)*(139 + -138). Let w(o) = 14*o - 41. Determine w(i).
1
Let b(i) = -4 - 13*i**2 - 21*i**2 + 10*i + 131*i**2 - 96*i**2. What is b(-11)?
7
Let m(b) = 323*b**2 - 7*b + 4. Let x(u) = -915*u**2 + 21*u - 11. Let n(z) = -17*m(z) - 6*x(z). What is n(5)?
-62
Let x(w) be the third derivative of w**6/120 - 3*w**5/20 + 7*w**4/24 + 53*w**3/6 - 18*w**2 - 13*w. What is x(7)?
4
Let t(d) = -d**3 - 3*d**2 - 3*d - 3. Let i be 26/(-6) - 30/(-225)*10. Calculate t(i).
6
Let f(p) = p - 6. Let a(x) = -18*x + 67. Let d(q) = -2*a(q) - 22*f(q). Let v = -138 + 139. Calculate d(v).
12
Let d be (1 + 17)*62/186*1. Let t(n) = -3*n + 0 + 0*n - 3. What is t(d)?
-21
Let s be 42/8 - (-5)/(-20). Let i(t) = 3*t - 12*t + 3*t - 27 + s*t. Give i(0).
-27
Let y be (-264)/(-55) - ((-80)/25 + 3). Suppose -3*s + 3*g - 3 = -y*s, 3*s + 5*g = 6. Let l(u) = 2*u**2 + 7*u + 1. What is l(s)?
-2
Let a(u) = -48234 + 96475 - 48239 + u**3 + 11*u**2 - 78*u. What is a(-16)?
-30
Let n(z) = -z**2 + 17*z - 22. Let c = -3875 - -3884. Give n(c).
50
Let a = 143 - 140. Let q(c) = -10 + c**2 + 21 - a + 8*c. Determine q(-7).
1
Let v(k) = k**3 - 21*k**2 + 4. Let m(q) = -q**2 + 32*q - 60. Let d be m(29). Suppose 2*x - d = 5*l, -4*l + 7 - 79 = -4*x. Calculate v(x).
4
Suppose -7*t - 17*t + 72 = -27*t. Let r(k) = -k**3 - 25*k**2 - 22*k + 60. Determine r(t).
12
Let m(n) = 19*n**2 + 748*n - 757*n - 1 + 2*n**3 - 2. Determine m(-10).
-13
Let m(u) be the second derivative of -u**4/12 + u**3/6 + 2*u**2 + 155*u. Determine m(3).
-2
Let y(l) be the second derivative of -l**4/12 + 8*l**3/3 + 15*l**2/2 + 716*l. Calculate y(-1).
-2
Let b be 5/(-2)*1104/345. Let v(n) = n**3 - 7*n**2 + 7*n - 11. Let q(d) = -2*d**3 + 7*d**2 - 8*d + 11. Let h(s) = -2*q(s) - 3*v(s). Determine h(b).
-13
Let i(c) = 274*c - 15. Let s be i(1). Let k = s - 256. Let h(f) = -f**2 + 7*f + 1. Give h(k).
13
Suppose -5*x = 11*g - 16*g + 25, 2*x - g + 7 = 0. Let k(m) be the first derivative of -m**4/2 - m**3/3 - 3*m + 88. Determine k(x).
9
Let x be 4/(-26) - 192456/(-702). Let l = x + -270. Let z(f) = 5*f + 3. Give z(l).
23
Suppose 86*y - 90*y = -1232. Let p = y + -311. Let t(n) = -3*n - 4. Give t(p).
5
Suppose p - 57 = 2*d, 4*p - 4*d - 128 = 116. Let t be (-252)/(-52) + 10/p. Let c(x) = 2*x + 4*x - 2 + x**2 + t + 4. Give c(-5).
2
Suppose 0 = -3*j + 163 + 104. Let l(z) = -96 + z**2 + 172 - j - 7*z. What is l(9)?
5
Suppose 102 = 85*o - 153. Let f(y) = y**3 - 4*y**2 + 10*y - 8. What is f(o)?
13
Let f(w) be the third derivative of w**4/24 - w**3/2 + w**2. Suppose -26*d = a - 27*d - 218, 0 = 3*a + d - 662. Suppose -a*y - 66 = -231*y. Calculate f(y).
3
Let h(z) = -z**2 - 4*z. Let f be (-135)/(-18)*8/(-5). Let d = 10 + f. Let y be d/14 + 240/(-84). Calculate h(y).
3
Let d be 0 + 3 + 6/(-3) + -507. Let c = -512 - d. Let h(x) = x + 9. Calculate h(c).
3
Suppose -3*w - 2*j + 8 + 0 = 0, -2*j + 2 = 0. Let n(g) be the second derivative of -1/2*g**3 + 0 + 5/2*g**w - 2*g. Give n(4).
-7
Let r(z) = -z - 1. Let q(d) = -d**2 + d + 3. Suppose 4*c = 89 + 163. Let v = c - 62. Let l(o) = v*q(o) - 5*r(o). Calculate l(7).
1
Let h(q) = 3*q**2 + 61*q - 19. Let p(r) = r**2 + 20*r - 5. Let o(g) = 2*h(g) - 7*p(g). Determine o(-16).
29
Let l = -4077 + 4051. Let w(y) = y**2 + 29*y + 81. Calculate w(l).
3
Let j = -4 + 4. Let k(l) = -27 + 27822*l + 27825*l - 55648*l. Determine k(j).
-27
Let c(q) = q - 11. Let o be c(14). Let h be (-36)/27 + 1/o. Let z(t) = t. Let u(m) = 6*m + 7. Let x(l) = h*u(l) + 5*z(l). What is x(-3)?
-4
Let i be ((0 + -1)/((-6)/30))/(920/1104). Let u = -25 - -16. Let g be (-6 + 10)*u/i. Let w(h) = h**3 + 7*h**2 + 9*h + 3. Determine w(g).
-15
Suppose a = l + 1, 3*a + 0*l = -3*l + 9. Let b(t) = -12*t**2 + 31*t**a - 7*t**2 + 2*t + 2 - 11*t**2. Determine b(-3).
5
Let q(s) = -s**3 - 11*s - 1. Let p(t) = -2*t**3 - t**2 - 22*t - 3. Let c(l) = -6*p(l) + 13*q(l). Let d be c(4). Let v(n) = -n**2 - 4*n + 9. What is v(d)?
-12
Let t(m) be the second derivative of -m**6/360 - 17*m**5/60 + 7*m**4/12 - 3*m**2 - 55*m - 2. Let v(x) be the third derivative of t(x). Determine v(-15).
-4
Let u(q) = 131*q + 939. Let h(g) = 87*g + 622. Let c(m) = 8*h(m) - 5*u(m). Calculate c(-7).
-6
Suppose -24*v - 70 = -34*v. Let s(u) = 4*u - 14. What is s(v)?
14
Suppose -3*j + 6 + 3 = 0. Let g(l) = -8*l**3 - 7*l**2 + 4 - 2*l**j - 5*l + 14*l**3 - 5*l**3. Suppose 3*a - a = -12. Calculate g(a).
-2
Let k(w) = w + 5. Let p(s) = -s**2 - 10*s - 4. Let h(x) = -k(x) + p(x). Determine h(-11).
-9
Let f be 16/(-3)*(13 - (-92)/(-8)). Let a(i) = -i**3 - 9*i**2 - 10*i - 20. What is a(f)?
-4
Let n(b) = -b**2 + 8*b - 28. Let q be n(6). Let l(v) be the second derivative of v**4/12 + 5*v**3/2 - 7*v**2 + 841*v. What is l(q)?
2
Suppose 18*i - 250 = 13*i. Suppose -2*v - v = 9, 34 = -5*n - 3*v. Let z be ((-4)/n)/((-10)/i). Let o(r) = -2*r + 3. Calculate o(z).
11
Suppose -5*o + 22 = -2*a, -o - 7 = -2*o + 3*a. Let u = -3 + o. Let n(r) = 622*r**2 - 1 - 206*r**2 - 206*r**2 - 197*r**2. What is n(u)?
12
Suppose -588 + 596 = -4*p, -4 = -g - p. Let a(j) = -8*j + 21. Give a(g).
-27
Let g(j) = j**3 + 1 + 7 - 4 - 4*j - 3*j**3 - 5*j**3. Determine g(1).
-7
Let w(o) = 4*o**2 - 3*o. Let u(s) = 17*s**2 - 13*s. Let a(l) = 2*u(l) - 9*w(l). Let p(i) = -3020*i + 483201. Let d be p(160). Determine a(d).
-1
Let n(g) = 5*g**2 + g - 7. Let o(q) be the first derivative of -7*q**3/3 - q**2 + 11*q + 103. Let p(c) = -8*n(c) - 5*o(c). What is p(3)?
-38
Let b(r) = r**3 + 12*r**2 + 13*r + 16. Let s(l) = -l + 5. Suppose 0 =